{"id":41935,"date":"2026-06-17T06:41:12","date_gmt":"2026-06-17T06:41:12","guid":{"rendered":"https:\/\/proair.ee\/contact\/"},"modified":"2026-07-13T10:01:23","modified_gmt":"2026-07-13T10:01:23","slug":"contact","status":"publish","type":"page","link":"https:\/\/proair.ee\/en\/contact\/","title":{"rendered":"Contact"},"content":{"rendered":"","protected":false},"excerpt":{"rendered":"","protected":false},"author":1,"featured_media":0,"parent":0,"menu_order":0,"comment_status":"closed","ping_status":"closed","template":"template-parts\/contact-us.php","meta":{"_acf_changed":false,"_seopress_titles_title":"Kontakt | Pro Air O\u00dc \u2013 \u00d5hukuivatid, ventilatsioon ja sisekliima","_seopress_titles_desc":"V\u00f5ta \u00fchendust Pro Air O\u00dc spetsialistidega. N\u00f5ustame \u00f5hukuivatite, ventilatsiooni, \u00f5hupuhastajate, konditsioneeride, rendi ja hoolduse k\u00fcsimustes","_seopress_robots_index":"","_seopress_robots_follow":"","_seopress_robots_imageindex":"","_seopress_robots_snippet":"","_seopress_robots_primary_cat":"","_seopress_robots_breadcrumbs":"","_seopress_robots_freeze_modified_date":"","_seopress_robots_custom_modified_date":"","_seopress_robots_canonical":"","_seopress_social_fb_title":"","_seopress_social_fb_desc":"","_seopress_social_fb_img":"","_seopress_social_fb_img_attachment_id":0,"_seopress_social_fb_img_width":0,"_seopress_social_fb_img_height":0,"_seopress_social_twitter_title":"","_seopress_social_twitter_desc":"","_seopress_social_twitter_img":"","_seopress_social_twitter_img_attachment_id":0,"_seopress_social_twitter_img_width":0,"_seopress_social_twitter_img_height":0,"_seopress_redirections_value":"","_seopress_redirections_enabled":"","_seopress_redirections_enabled_regex":"","_seopress_redirections_logged_status":"","_seopress_redirections_param":"","_seopress_redirections_type":0,"_seopress_analysis_target_kw":"Pro Air O\u00dc kontakt,v\u00f5ta \u00fchendust Pro Air O\u00dc-ga,\u00f5hukuivatid,\u00f5hukuivati m\u00fc\u00fck Eestis,\u00f5hukuivati rent,ehituskuivati rent,ventilatsioon,ventilatsioonilahendused,ventilatsiooni projekteerimine,ventilatsiooni paigaldus,ventilatsiooni hooldus,rekuperaator,\u00f5hupuhastid,\u00f5hupuhasti spetsialist,mobiilsed konditsioneerid,\u00f5huniisutajad,sisekliima,sisekliima spetsialist,\u00f5hukvaliteedi m\u00f5\u00f5distus,\u00f5hukvaliteedi m\u00f5\u00f5tmine,niiskusprobleemide lahendamine,hallituse ennetamine,t\u00f6\u00f6stuslikud \u00f5hukuivatid,t\u00f6\u00f6stuslikud \u00f5hupuhastid,professionaalsed sisekliima lahendused,ametlik sisekliima seadmete maaletooja Eestis,Pro Air O\u00dc Tallinn,sisekliima konsultatsioon,\u00f5hukvaliteedi spetsialist,ventilatsiooni eksperdid Eestis"},"class_list":["post-41935","page","type-page","status-publish","hentry"],"acf":[],"_links":{"self":[{"href":"https:\/\/proair.ee\/en\/wp-json\/wp\/v2\/pages\/41935","targetHints":{"allow":["GET"]}}],"collection":[{"href":"https:\/\/proair.ee\/en\/wp-json\/wp\/v2\/pages"}],"about":[{"href":"https:\/\/proair.ee\/en\/wp-json\/wp\/v2\/types\/page"}],"author":[{"embeddable":true,"href":"https:\/\/proair.ee\/en\/wp-json\/wp\/v2\/users\/1"}],"replies":[{"embeddable":true,"href":"https:\/\/proair.ee\/en\/wp-json\/wp\/v2\/comments?post=41935"}],"version-history":[{"count":3,"href":"https:\/\/proair.ee\/en\/wp-json\/wp\/v2\/pages\/41935\/revisions"}],"predecessor-version":[{"id":45654,"href":"https:\/\/proair.ee\/en\/wp-json\/wp\/v2\/pages\/41935\/revisions\/45654"}],"wp:attachment":[{"href":"https:\/\/proair.ee\/en\/wp-json\/wp\/v2\/media?parent=41935"}],"curies":[{"name":"wp","href":"https:\/\/api.w.org\/{rel}","templated":true}]}}

Kontakt | Pro Air OÜ – Õhukuivatid, ventilatsioon ja sisekliima

Võta ühendust Pro Air OÜ spetsialistidega. Nõustame õhukuivatite, ventilatsiooni, õhupuhastajate, konditsioneeride, rendi ja hoolduse küsimustes

Pro Air OÜ kontakt,võta ühendust Pro Air OÜ-ga,õhukuivatid,õhukuivati müük Eestis,õhukuivati rent,ehituskuivati rent,ventilatsioon,ventilatsioonilahendused,ventilatsiooni projekteerimine,ventilatsiooni paigaldus,ventilatsiooni hooldus,rekuperaator,õhupuhastid,õhupuhasti spetsialist,mobiilsed konditsioneerid,õhuniisutajad,sisekliima,sisekliima spetsialist,õhukvaliteedi mõõdistus,õhukvaliteedi mõõtmine,niiskusprobleemide lahendamine,hallituse ennetamine,tööstuslikud õhukuivatid,tööstuslikud õhupuhastid,professionaalsed sisekliima lahendused,ametlik sisekliima seadmete maaletooja Eestis,Pro Air OÜ Tallinn,sisekliima konsultatsioon,õhukvaliteedi spetsialist,ventilatsiooni eksperdid Eestis
